 of 347802 and 273?
273
Calculate the greatest common divisor of 6847 and 2091.
41
Calculate the highest common divisor of 108750 and 87725.
725
What is the greatest common divisor of 1921 and 565?
113
What is the highest common divisor of 1223201 and 595?
119
What is the highest common divisor of 19 and 1247407?
19
Calculate the highest common factor of 25 and 9755.
5
What is the greatest common factor of 151028 and 68?
68
Calculate the greatest common divisor of 3016 and 107354.
26
What is the greatest common factor of 17202 and 22326?
366
Calculate the highest common divisor of 1936 and 126368.
176
What is the highest common divisor of 558 and 1293?
3
What is the highest common divisor of 4994 and 22396?
22
Calculate the greatest common divisor of 595 and 189805.
595
What is the greatest common factor of 156345 and 105?
105
Calculate the highest common factor of 877870 and 70.
70
What is the highest common factor of 3958212 and 204?
204
What is the highest common divisor of 1467450 and 9450?
1350
What is the highest common divisor of 900 and 28125?
225
Calculate the highest common divisor of 208763 and 3279.
1093
Calculate the highest common factor of 960 and 121280.
320
Calculate the greatest common divisor of 112489 and 26.
13
What is the greatest common divisor of 384 and 145536?
384
Calculate the highest common factor of 32 and 760832.
32
What is the highest common divisor of 1496062 and 146?
146
What is the highest common factor of 1551236 and 76?
76
Calculate the highest common divisor of 2096 and 449723.
131
Calculate the greatest common factor of 58212 and 21.
21
Calculate the highest common divisor of 27250 and 150.
50
What is the greatest common divisor of 9412 and 1447276?
724
What is the greatest common divisor of 26 and 1468714?
26
Calculate the greatest common divisor of 2499 and 5397.
21
What is the greatest common divisor of 420 and 48020?
140
Calculate the greatest common factor of 1125 and 10525.
25
Calculate the greatest common factor of 16915 and 6800.
85
Calculate the highest common divisor of 181 and 321999.
181
What is the greatest common factor of 8160 and 1290?
30
What is the highest common factor of 60 and 100?
20
What is the highest common factor of 15 and 65335?
5
What is the highest common factor of 25 and 4007?
1
Calculate the greatest common divisor of 5750 and 4.
2
What is the greatest common divisor of 6206 and 754?
58
What is the greatest common divisor of 92 and 2803079?
23
What is the highest common divisor of 80 and 1063760?
80
Calculate the highest common divisor of 11 and 1055626.
11
Calculate the greatest common factor of 8823 and 867.
51
Calculate the greatest common divisor of 333 and 2594736.
333
What is the highest common factor of 243 and 109161?
27
Calculate the highest common divisor of 4000 and 1559200.
800
What is the highest common factor of 27844441 and 1327?
1327
What is the greatest common factor of 1 and 73693?
1
What is the greatest common factor of 1945 and 5080?
5
What is the greatest common divisor of 51320 and 56?
8
Calculate the highest common divisor of 8129 and 451.
11
Calculate the greatest common divisor of 159 and 729280.
53
What is the highest common divisor of 63 and 265734?
63
What is the highest common divisor of 944 and 884528?
944
What is the greatest common factor of 6908 and 1804?
44
Calculate the greatest common factor of 201866 and 252.
14
What is the highest common factor of 399680 and 3200?
320
Calculate the highest common divisor of 685 and 13760.
5
Calculate the highest common factor of 22465 and 10.
5
What is the greatest common divisor of 684 and 10089?
171
What is the highest common factor of 336 and 34377?
21
What is the highest common divisor of 68719 and 28?
7
What is the highest common factor of 6122634 and 42?
42
Calculate the greatest common factor of 1360 and 215560.
680
What is the highest common factor of 20 and 626540?
20
Calculate the highest common divisor of 170 and 100946.
34
Calculate the greatest common factor of 8015 and 40.
5
Calculate the greatest common factor of 324024 and 46.
46
What is the greatest common factor of 3185784 and 28?
28
What is the highest common factor of 60 and 15680?
20
Calculate the highest common factor of 88038 and 54.
18
What is the highest common divisor of 35035 and 22?
11
What is the highest common factor of 16403 and 11168?
349
Calculate the greatest common factor of 2454390 and 90.
90
Calculate the greatest common factor of 925 and 2025.
25
What is the highest common factor of 592 and 177563?
37
What is the highest common divisor of 1040 and 65920?
80
Calculate the greatest common factor of 2 and 161729.
1
Calculate the highest common factor of 10921 and 11993.
67
What is the highest common divisor of 47 and 816061?
47
Calculate the highest common factor of 1547694 and 162.
54
What is the greatest common factor of 219 and 1248?
3
Calculate the highest common factor of 10882108 and 102.
34
What is the highest common factor of 3289 and 1518?
253
Calculate the greatest common divisor of 1258 and 1829761.
629
What is the greatest common divisor of 270355 and 3475?
695
Calculate the highest common divisor of 13439 and 1057.
151
Calculate the greatest common divisor of 4668 and 1572.
12
Calculate the highest common divisor of 168 and 1574916.
84
What is the greatest common factor of 69 and 1362474?
69
What is the highest common factor of 12912 and 1320?
24
Calculate the greatest common divisor of 432 and 81864.
216
Calculate the highest common factor of 7546 and 286.
22
Calculate the highest common divisor of 20 and 16930.
10
What is the highest common factor of 12528355 and 2065?
2065
Calculate the greatest common factor of 50 and 1598.
2
Calculate the highest common factor of 81904 and 192.
16
What is the greatest common factor of 1215935 and 20?
5
What is the highest common divisor of 794 and 2?
2
What is the highest common factor of 19567 and 85?
17
Calculate the greatest common factor of 2686 and 1422.
158
What is the highest common factor of 153 and 2061?
9
Calculate the highest common divisor of 1131528 and 16.
8
What is the greatest common factor of 1040 and 62320?
80
Calculate the highest common factor of 182 and 24906.
14
Calculate the highest common divisor of 1647 and 93015.
27
What is the highest common divisor of 56756 and 28?
28
What is the highest common divisor of 738 and 9266?
82
What is the greatest common divisor of 825758 and 102?
34
What is the greatest common factor of 5648 and 15760?
16
What is the greatest common factor of 867 and 1245879?
867
Calculate the greatest common factor of 6490 and 880.
110
Calculate the greatest common divisor of 18469 and 99.
11
Calculate the highest common divisor of 102 and 709461.
51
What is the highest common divisor of 96 and 1912?
8
Calculate the highest common divisor of 80 and 118240.
80
Calculate the highest common divisor of 871411 and 4143.
1381
Calculate the greatest common divisor of 32 and 690832.
16
What is the highest common divisor of 2532 and 824799?
633
Calculate the greatest common factor of 1344 and 336576.
192
What is the highest common factor of 104 and 101114?
26
Calculate the highest common factor of 372495 and 95.
95
Calculate the highest common divisor of 121 and 2453.
11
What is the highest common divisor of 1120 and 37744?
112
What is the highest common divisor of 175 and 310730?
35
What is the greatest common factor of 685303 and 607?
607
Calculate the highest common factor of 10 and 23390.
10
Calculate the highest common factor of 2146 and 24938.
74
What is the greatest common divisor of 11528 and 16?
8
Calculate the highest common factor of 120 and 2003745.
15
Calculate the highest common divisor of 5546 and 8024.
118
Calculate the highest common factor of 11125695 and 735.
735
What is the greatest common divisor of 7890 and 105?
15
What is the highest common factor of 4588 and 2263?
31
What is the greatest common factor of 23 and 440795?
23
What is the highest common divisor of 1632 and 246398?
34
What is the highest common divisor of 66415 and 65?
5
What is the greatest common factor of 315 and 516789?
63
What is the greatest common divisor of 63 and 28467?
9
Calculate the greatest common divisor of 271909 and 209.
209
What is